
--
-- Table structure for table `CAD_CON_CLIENTES_CONTATOS`
--

CREATE TABLE `CAD_CON_CLIENTES_CONTATOS` (
  `CON_ID` int(11) NOT NULL AUTO_INCREMENT,
  `CON_Nome` varchar(50) DEFAULT NULL,
  `CON_Email` varchar(100) DEFAULT NULL,
  `CON_Telefone` varchar(20) DEFAULT NULL,
  `CLI_ID` int(11) DEFAULT NULL,
  `TCON_ID` int(11) DEFAULT NULL,
  `CON_Whatsapp` char(1) DEFAULT NULL,
  `CON_Operadora` varchar(50) DEFAULT NULL,
  PRIMARY KEY (`CON_ID`),
  KEY `fk_MCAD_TCON_1` (`CLI_ID`) USING BTREE,
  KEY `fk_MCAD_TCON_2` (`TCON_ID`) USING BTREE,
  CONSTRAINT `fk_MCAD_TCON_1` FOREIGN KEY (`CLI_ID`) REFERENCES `CAD_CLI_CLIENTES` (`CLI_ID`),
  CONSTRAINT `fk_MCAD_TCON_2` FOREIGN KEY (`TCON_ID`) REFERENCES `CAD_TCON_TIPOS_CONTATOS` (`TCON_ID`)
) ENGINE=InnoDB AUTO_INCREMENT=4 DEFAULT CHARSET=latin1 ROW_FORMAT=COMPACT;

--
-- Dumping data for table `CAD_CON_CLIENTES_CONTATOS`
--

INSERT INTO `CAD_CON_CLIENTES_CONTATOS` VALUES (1,'VERA LA MARTINIANO','velimar@sapo.pt','(11) 95177-0647',9757,1,'N','Tim'),(2,'Edisson Campos Braga','predisson@yahoo.com.br','(92) 98815-6938',5734,1,'N','Vivo'),(3,'IBN MANAUS','bbnmanaus@gmail.com','(92) 3656-2722',5734,1,'N','Embratel');

--
-- Table structure for table `CAD_CON_CONVENCOES`
--

CREATE TABLE `CAD_CON_CONVENCOES` (
  `CON_ID` int(11) NOT NULL AUTO_INCREMENT,
  `MUN_ID` int(11) NOT NULL,
  `CON_Nome` varchar(100) NOT NULL,
  `CON_CNPJ` varchar(45) DEFAULT NULL,
  `CON_Email` varchar(100) DEFAULT NULL,
  `CON_Telefone` varchar(45) DEFAULT NULL,
  `CON_Site` varchar(45) DEFAULT NULL,
  `CON_EnderecoCep` varchar(45) DEFAULT NULL,
  `CON_EnderecoLogradouro` varchar(45) DEFAULT NULL,
  `CON_EnderecoNumero` varchar(45) DEFAULT NULL,
  `CON_EnderecoComplemento` varchar(45) DEFAULT NULL,
  `CON_EnderecoBairro` varchar(45) DEFAULT NULL,
  `CON_EnderecoPontoReferencia` varchar(45) DEFAULT NULL,
  `CON_Observacao` text,
  PRIMARY KEY (`CON_ID`),
  KEY `fk_CAD_CON_CONVENCOES_ADM_MUN_MUNICIPIO1_idx` (`MUN_ID`),
  CONSTRAINT `fk_CAD_CON_CONVENCOES_ADM_MUN_MUNICIPIO1` FOREIGN KEY (`MUN_ID`) REFERENCES `ADM_MUN_MUNICIPIO` (`MUN_ID`) ON DELETE NO ACTION ON UPDATE NO ACTION
) ENGINE=InnoDB AUTO_INCREMENT=5 DEFAULT CHARSET=utf8;

--
-- Dumping data for table `CAD_CON_CONVENCOES`
--

INSERT INTO `CAD_CON_CONVENCOES` VALUES (1,5584,'CBPE - Convenção Batista de Pernambuco','11.531.548/0001-84','secretariacbb@batistas.com','(81) 3301-7890','http://www.cbpe.org.br/site/',NULL,NULL,NULL,NULL,NULL,NULL,NULL),(2,1688,'CBAL - Convenção Batista Alagoana','12.320.966/0001-95','givagosouza@ig.com.br','(82) 3336-2207','http://www.convencaobatistaalagoana.com.br','57051-090','Avenida Aristeu de Andrade','285','','Farol','',''),(3,401,'COBAC - Convenção Batista de Carajás','09.463.711/0001-77','conbatcarajas@gmail.com','(94) 99162-5341','www.cobac.com.br','68500005','Avenida Antônio Maia','1325','','Velha Marabá','',''),(4,4531,'CBC - Convenção Batista Catarinense','82.508.565/0001-49','cbcatarinense@gmail.com','(48) 3375-1920','https://batistasc.wordpress.com','88110-111','Rua Gisela','1528','','Bela Vista','','');

--
-- Table structure for table `CAD_FTR_FORMAS_TRATAMENTO`
--

CREATE TABLE `CAD_FTR_FORMAS_TRATAMENTO` (
  `FTR_ID` int(11) NOT NULL AUTO_INCREMENT,
  `FTR_Nome` varchar(50) DEFAULT NULL,
  PRIMARY KEY (`FTR_ID`)
) ENGINE=InnoDB AUTO_INCREMENT=9 DEFAULT CHARSET=latin1 ROW_FORMAT=COMPACT;

--
-- Dumping data for table `CAD_FTR_FORMAS_TRATAMENTO`
--

INSERT INTO `CAD_FTR_FORMAS_TRATAMENTO` VALUES (1,'Sr.'),(2,'Sra.'),(3,'Srta.'),(4,'Pr.'),(5,'Mis.'),(6,'Dc.'),(7,'Dc.(isa)'),(8,'Mis.(a)');

--
-- Table structure for table `CAD_MIF_MISSIONARIO_FILHO`
--

CREATE TABLE `CAD_MIF_MISSIONARIO_FILHO` (
  `MIF_ID` int(11) NOT NULL AUTO_INCREMENT,
  `PES_ID` int(11) NOT NULL,
  `MIF_Nome` varchar(45) NOT NULL,
  `MIF_DataNascimento` date DEFAULT NULL,
  PRIMARY KEY (`MIF_ID`)
) ENGINE=InnoDB DEFAULT CHARSET=utf8;

--
-- Dumping data for table `CAD_MIF_MISSIONARIO_FILHO`
--


--
-- Table structure for table `CAD_PES_ATIVIDADE`
--

CREATE TABLE `CAD_PES_ATIVIDADE` (
  `CPA_ID` int(11) NOT NULL AUTO_INCREMENT,
  `CPA_Descricao` varchar(100) NOT NULL,
  `CPA_Status` varchar(45) NOT NULL,
  PRIMARY KEY (`CPA_ID`)
) ENGINE=InnoDB AUTO_INCREMENT=11 DEFAULT CHARSET=utf8;

--
-- Dumping data for table `CAD_PES_ATIVIDADE`
--

INSERT INTO `CAD_PES_ATIVIDADE` VALUES (1,'Pastor','Ativo'),(2,'Diácono','Ativo'),(3,'Músico','Ativo'),(4,'Educador','Ativo'),(5,'Lider de Ministério','Ativo'),(6,'Presidente da Igreja','Ativo'),(7,'Tesoureiro','Ativo'),(8,'Líder de Pequeno Grupo','Ativo'),(9,'Outros','Ativo'),(10,'Membro','Ativo');

--
-- Table structure for table `CAD_PES_PESSOAS`
--

CREATE TABLE `CAD_PES_PESSOAS` (
  `PES_ID` int(11) NOT NULL AUTO_INCREMENT,
  `PES_Nome` varchar(50) DEFAULT NULL,
  `PES_EnderecoLogradouro` varchar(255) DEFAULT NULL,
  `PES_EnderecoNumero` varchar(20) DEFAULT NULL,
  `PES_EnderecoComplemento` varchar(100) DEFAULT NULL,
  `PES_EnderecoBairro` varchar(50) DEFAULT NULL,
  `PES_EnderecoCidade` varchar(50) DEFAULT NULL,
  `PES_EnderecoUf` char(2) DEFAULT NULL,
  `PES_EnderecoCep` varchar(20) DEFAULT NULL,
  `PES_RG` varchar(20) DEFAULT NULL,
  `PES_RGEmissor` varchar(20) DEFAULT NULL,
  `PES_RGDataEmissao` date DEFAULT NULL,
  `PES_CPF` varchar(20) DEFAULT NULL,
  `PES_Profissao` varchar(50) DEFAULT NULL,
  `PES_EstadoCivil` varchar(50) DEFAULT NULL,
  `USU_Sistema_ID` int(11) DEFAULT NULL,
  `PES_DataNascimento` date DEFAULT NULL,
  `PES_Sexo` char(1) DEFAULT NULL,
  `PES_DDD` varchar(45) DEFAULT NULL,
  `PES_Telefone` varchar(45) DEFAULT NULL,
  `PES_Email` varchar(45) DEFAULT NULL,
  `PES_GrauInstrucao` varchar(45) DEFAULT NULL,
  `CPA_ID` int(11) DEFAULT NULL,
  `CLI_ID` int(11) DEFAULT NULL,
  PRIMARY KEY (`PES_ID`),
  KEY `fk_MCAD_TPES_1` (`USU_Sistema_ID`) USING BTREE,
  KEY `fk_CAD_PES_PESSOAS_CAD_PES_ATIVIDADE1_idx` (`CPA_ID`),
  KEY `fk_CAD_PES_PESSOAS_CAD_CLI_CLIENTES1_idx` (`CLI_ID`),
  CONSTRAINT `fk_CAD_PES_PESSOAS_CAD_CLI_CLIENTES1` FOREIGN KEY (`CLI_ID`) REFERENCES `CAD_CLI_CLIENTES` (`CLI_ID`) ON DELETE NO ACTION ON UPDATE NO ACTION,
  CONSTRAINT `fk_CAD_PES_PESSOAS_CAD_PES_ATIVIDADE1` FOREIGN KEY (`CPA_ID`) REFERENCES `CAD_PES_ATIVIDADE` (`CPA_ID`) ON DELETE NO ACTION ON UPDATE NO ACTION,
  CONSTRAINT `fk_MCAD_TPES_1` FOREIGN KEY (`USU_Sistema_ID`) REFERENCES `CAD_USU_USUARIOS` (`USU_ID`)
) ENGINE=InnoDB AUTO_INCREMENT=239 DEFAULT CHARSET=latin1 ROW_FORMAT=COMPACT;

--
-- Dumping data for table `CAD_PES_PESSOAS`
--

INSERT INTO `CAD_PES_PESSOAS` VALUES (14,'André Luiz Avelino Leitão','Rua Presidente Nilo Peçanha','06','Complemento','Imbiribeira','Recife','PE','51160-220','5975449','SSP/PE','1995-05-13','057.452.074-00','Representante Comercial','Divorciado(a)',NULL,NULL,NULL,NULL,NULL,NULL,NULL,9,NULL),(15,'Andre Felliphe','Rua Doutor Gustavo Pinto','2',NULL,'Estância','Recife','PE','50781-740','6788776','SDS','2015-11-30','071.573.004-51','Desenvolvedor','Solteiro(a)',NULL,'1986-09-03','M','81','97070099','decofelliphe@gmail.com',NULL,9,NULL),(16,'Andre Felliphe','Rua Doutor Gustavo Pinto','2',NULL,'Estância','Recife','PE','50781-740','6788776','SDS','2015-11-30','071.573.004-51','Desenvolvedor','Solteiro(a)',NULL,NULL,NULL,NULL,NULL,NULL,NULL,9,NULL),(17,'LALALAL','Rua Doutor Gustavo Pinto','2','','Estância','Recife','PE','50781-740','987987987','89798789','2015-11-23','988.980.980-98','fdscfdfs','Casado(a)',NULL,NULL,NULL,NULL,NULL,NULL,NULL,9,NULL),(18,'dsada','Rua Doutor Gustavo Pinto','2','','Estância','Recife','PE','50781-740','333','sdada','2015-11-01','333.333.333-33','Deadsa','Casado(a)',NULL,NULL,NULL,NULL,NULL,NULL,NULL,9,NULL),(27,'nome laterado 2','logra','num','coml','bairro','Moreno','PE','54800-000','0000000000','SSP/PE','1900-01-01','000.000.000-00',NULL,'Casado(a)',NULL,NULL,NULL,NULL,NULL,NULL,NULL,9,NULL),(43,'andrea','Rua Andre Vidal de Negreiros, 06','122','54800-000','centro','Moreno','PE','54800-000',NULL,NULL,NULL,'607.114.090-05',NULL,NULL,NULL,'1992-04-15','F','81','81988041921','andrea-ms@hotmail.com','Pós-Graduação',9,NULL),(44,'Lucas','teste','3',NULL,'jsp','recife','PE','50781-740',NULL,NULL,NULL,'042.028.794-90','Desenvolvedor',NULL,NULL,'2017-09-18','M','81','999999','decofelliphe@gmail.com','Superior - Completo',9,NULL),(45,'MARCIA','ANDRADE NEVES','310','APTO 101 B','TIJUCA','Rio de Janeiro','RJ','20510-230',NULL,NULL,NULL,'900.943.957-72','SECRETARIA',NULL,NULL,'1969-05-24','F','21','969339949','hanna_marcia@yahoo.com.br','Superior - Incompleto',9,2175),(46,'Geison o Bonitao','Rua José Higino','416','','Tijuca','Rio de Janeiro','RJ','20510-412','','',NULL,'003.152.337-45','Contábil','',NULL,'1980-01-01','M','21','999990101','marivalms@gmail.com','Superior - Completo',9,NULL),(47,'Jeft Bernardo Rodrigues','Rua Caetano Ribeiro','60','Apartamento 103','Casa Caiada','Olinda','PE','53130-440',NULL,NULL,NULL,'085.060.334-03','Aux. Administrativo',NULL,NULL,'1989-03-01','M','81','997587261','jeftbernardo@gmail.com','Superior - Completo',9,NULL),(48,'Andréa (Teste)','Rua de teste','100',NULL,'Centro','Rio','RJ','50050-230',NULL,NULL,NULL,'025.748.574-02','TI',NULL,NULL,'1980-01-01','F','81','999001122','teste@teste.com','Pós-Graduação',9,NULL),(49,'GILEADE FLORÊNCIO DE SOUZA JUNIOR','RUA MANOEL ANTONIO GALDINO','90','APTO 804','ATRÁS DA BANCA','PETROLINA','PE','56308-185','','',NULL,'021.606.314-00','PASTOR','',NULL,'1976-03-30','M','81','996799450','prgileade@pibpetrolina.com','Pós-Graduação',9,NULL),(50,'Oswaldo Luiz Gomes Jacob','Rua Domênico Severi,  ','203','27323750','Santa Rosa','Barra Mansa','RJ','27323-750','','',NULL,'359.032.017-68','Pastor','',NULL,'1956-02-17','M','','2433231243','pitzerjacob@gmail.com','Mestrado',9,NULL),(51,'Ronaldo Alcantara','Av Geremário Dantas','800','726','Pechincha','Rio de Janeiro','RJ','22743-010','','',NULL,'808.001.577-53','Advogado','',NULL,'2018-06-24','M','21','972159526','abreu.ronaldoa@gmail.com','Pós-Graduação',9,NULL),(52,'Fernando Cardoso  Tavares','São  Domingos','32','Centro','Beira -Rio','Imperatriz','MA','65900-130','','',NULL,'039.199.223-60','Estudante','',NULL,'1991-11-19','M','99','981747897','nangb50@hotmail.com','Superior - Incompleto',9,NULL),(53,'BENÍCIA PEREIRA DE MORAES','RUA DA AURORA, 325, BOA VISTA','325','EDIFÍCIO ÉBANO APTº 1402','BOA VISTA','RECIFE','PE','50050-000','','',NULL,'660.849.034-87','CONTADORA','',NULL,'1968-01-24','F','81','81996829607','beniciamoraes@gmail.com','Pós-Graduação',9,NULL),(54,'Denilson T. Cavalleiro','Amanajó','334','','Bangu','Rio de Janeiro','RJ','21820-210','','',NULL,'839.325.267-91','Músico','',NULL,'1965-11-15','M','21','34651479','dtcavalleiro@gmail.com','Pós-Graduação',9,NULL),(55,'Adriana Cristina S. Cavalleiro','Amanajo','334','','Bangu','Rio de Janeiro','RJ','21820-210','','',NULL,'011.812.507-90','professora','',NULL,'1970-07-29','F','21','34651479','adrianascavalleiro@yahoo.com.br','Pós-Graduação',9,NULL),(56,'SOCRATES OLIVEIRA SOUZA','RUA JOSE HIGINO, ','416','Predio 28','Tijuca ','Rio de Janeiro ','RJ','20270-001','','',NULL,'355.935.717-91','Adminstrador ','',NULL,'1954-04-25','M','21','2121575557','executivo@batistas.com','Mestrado',9,NULL),(57,'Marcos Lúcio de Jesus Silva','José da Cunha','131','','Areia Branca ','Belford Roxo','RJ','26135-000','','',NULL,'865.037.747-53','militar aposentado','',NULL,'1965-07-29','M','21','26621644','tibab1964@gmail.com','Superior - Completo',9,NULL),(58,'ONDINA RAMOS DAS CHAGAS','RUA FABIO DA LUZ','214','BLOCO 2 - APTº 603','MEIER','RIO DE JANEIRO','RJ','20720-350','','',NULL,'707.053.057-91','APOSENTADA','',NULL,'1944-01-26','F','21','25965157','JCANDIDOCHAGAS@IG.COM.BR','Ensino Médio - Incompleto',9,NULL),(59,'Adriana Sampaio Silva','José da Cunha ','131','','Areia Branca','Belford Roxo','RJ','26135-000','','',NULL,'080.659.497-70','Professora','',NULL,'1968-07-04','F','21','26621644','tibab1964@gmail.com','Ensino Médio - Completo',9,NULL),(60,'JOSE CANDIDO DAS CHAGAS','RUA FABIO DA LUZ','214','BLOCO 2 - APTº 603','MEIER','RIO DE JANEIRO','RJ','20720-350','','',NULL,'069.567.937-68','PROFESSOR APOSENTADO','',NULL,'1944-04-21','M','21','25965157','JOSECANDIDOCHAGAS@GMAIL.COM','Superior - Completo',9,NULL),(61,'Beatriz Araujo Bastos','José Higino','416','Prédio 30','Tijuca','Rio de Janeiro','RJ','20510-412','','',NULL,'165.883.277-90','Fotógrafa','',NULL,'1998-04-03','F','21','21575595','beatrizaraujobastos@gmail.com','Superior - Incompleto',9,NULL),(62,'Natã de Freitas Carvalho','av presidente kennedy','811','ap 82','rebouças','Curitiba','PR','80220-201','','',NULL,'006.488.437-69','Pastor','',NULL,'1967-12-26','M','41','4135240615','natan.pr@hotmail.com','Pós-Graduação',9,NULL),(63,'Emanuel Alírio de Araújo','Rua Vasthi Calazans de Paiva','250','Casa','Cidade Universitária','Petrolina','PE','56332-740','','',NULL,'656.522.314-91','Pastor Batista','',NULL,'1974-01-17','M','87','87988192107','emanuelalirio@gmail.com','Mestrado',9,NULL),(64,'AURINETE DA SILVA CARDOSO','AV. BERNARDO SAIAO','167','68537-000','NOVO HORIZONTE','Canaã dos Carajás','PA','68537-000','','',NULL,'300.434.842-04','DOMÉSTICA','',NULL,'1967-12-15','F','94','991466101','ftcardoso@bol.com.br','Ensino Médio - Completo',9,NULL),(65,'FERNANDO TEIXEIRA CARDOSO','AV. BERNARDO SAIAO','167','68537-000','NOVO HORIZONTE','Canaã dos Carajás','PA','68537-000','','',NULL,'197.487.283-15','PASTOR','',NULL,'1961-10-25','M','94','991674886','ftcardoso@bol.com.br','Ensino Médio - Incompleto',9,NULL),(66,'Lucimar Vieira Monroe','Jornalista Waldir Lau','395','','Itapoã','Belo Horizonte','MG','31710-560','','',NULL,'532.132.467-00','Professora','',NULL,'1956-04-17','F','31','25340402','lucimarvmonroe1956@gmail.com','Superior - Completo',9,NULL),(67,'Júlio Romário da Silva','Quadra 22','Casa nº 11','','Setor Leste','Gama','DF','72460-220','','',NULL,'183.014.285-20','Aadvogado','',NULL,'1960-07-02','M','61','983469969','julioromario.adv@gmail.com','Superior - Completo',9,NULL),(68,'Dorgival José Monroe','Jornalista Waldir Lau','395','','Itapoã','Belo Horizonte','MG','31710-560','','',NULL,'076.131.723-68','Militar ','',NULL,'1955-10-11','M','31','25340402','dorgivalmonroe@yahoo.com.br','Superior - Completo',9,NULL),(69,'Aldemiro da Costa','beco do Ribeiro','17','jesuitas','Santa Crus','Rio de Janeiro','RJ','23575-320','','',NULL,'547.269.647-04','Cosinheiro','',NULL,'1957-04-28','M','21','33566000','aldemirodacosta@hotmail.com','Ensino Fundamental',9,NULL),(70,'Maria Aparecida Quirino Dias da Silva','Quadra 22','Casa 11','','Setor Leste','Gama','DF','72460-220','','',NULL,'240.050.611-68','Servidora Pública','',NULL,'1962-10-12','F','61','982786303','cidadasilvadias@gmail.com','Superior - Completo',9,NULL),(71,'DORALICE LUIZ TEXEIRA','AV ACARI PASSOS ','00','QD. 17 LT. 06','RESIDENCIAL OLINDA','GOIÂNIA','GO','74735-300','','',NULL,'085.717.831-87','APOSENTADA','',NULL,'1947-06-22','F','62','32844323','normalice.contabilidade@gmail.com','Superior - Completo',9,NULL),(72,'Gerson Luiz de Britto','Jeronimo Pinto','76','Casa 02','Campinho','Rio de Janeiro','RJ','21320-200','','',NULL,'309.702.707-63','PASTOR E PROFESSOR','',NULL,'1951-09-23','M','21','989014179','gersonluizdebritto3@gmail.com','Mestrado',9,NULL),(73,'Viviane Oliveira de Lima','Jeronimo Pinto','76','Casa 02','Campinho','Rio de Janeiro','RJ','21320-200','','',NULL,'051.763.097-42','Assist. Administrativo','',NULL,'1976-03-06','F','21','985987131','viviane.limavl@gmail.com','Superior - Incompleto',9,NULL),(74,'Milton Gomes da Silva','1203 Sul, QI 18, Lt. 04, Alameda 16','S/N','','Plano Diretor Sul','Palmas','TO','77019-428','','',NULL,'265.306.001-91','Pastor','',NULL,'1963-04-28','M','63','999683319','milton-pr@hotmail.com','Superior - Completo',9,NULL),(75,'Ruth Borges de Lima Gomes','1203 Sul, QI 18, Lt. 04, Alameda 16','S/N','','Plano Diretor Sul','Palmas','TO','77019-428','','',NULL,'292.275.501-00','Educadora','',NULL,'1959-12-26','F','63','984277907','amofamilia51@gmail.com','Superior - Completo',9,NULL),(76,'PASTOR JOSE MANOEL DE OLIVEIRA','R MARIA SANTANA FERNANDES  86','86','CASA','JARDINS','SEROPEDICA','RJ','23890-052',NULL,NULL,NULL,'828.669.457-00','CONSULTOR EDUCACIONAL',NULL,NULL,'1964-04-29','M','21','21993261045','joseoliveiira@gmail.com','Pós-Graduação',9,1281),(77,'Pr. Luiz Carlos Araujo','Av. Dr. Aristeu de Andrade','285','57035610','Farol','Maceió','AL','57051-090','','',NULL,'347.850.434-15','','',NULL,'1964-10-17','M','82','996653020','lula250@hotmail.com','Superior - Completo',9,NULL),(78,'VALTAIR AFONSO MIRANDA','rua mauricio de abreu','882','','Neves','São Gonçalo','RJ','24425-300','','',NULL,'854.165.416-87','pastor','',NULL,'1972-03-30','M','21','21981471049','valtairmiranda@gmail.com','Doutorado',9,NULL),(79,'Leny  Santos  Araujo','Av. Dr. Aristeu de Andrade ','285','57035610','Farol','Maceió','AL','57051-090',NULL,NULL,NULL,'321.108.124-00',NULL,NULL,NULL,'1964-02-20','F','82','987130366','lula250@hotmail.com','Superior - Completo',9,NULL),(80,'HUGO SANTOS ZICA','RUA AGOSTINHO BRETAS','473','203','CAIÇARA','BELO HORIZONTE','MG','30775-520','','',NULL,'107.587.076-30','PASTOR BATISTA','',NULL,'1991-02-13','M','31','983995723','pastor@belavista.org.br','Pós-Graduação',9,NULL),(81,'ANA LUIZA PORCINO SANTOS ZICA','RUA AGOSTINHO BRETAS','473','203','CAIÇARA','BELO HORIZONTE','MG','30775-520','','',NULL,'018.756.726-30','ESTUDANTE','',NULL,'1997-05-10','F','31','989665236','analuiza_porcino@hotmail.com','Superior - Completo',9,NULL),(82,'Cesar Santos de Brito','Iemanja','220','','Piatã','Salvador','BA','41650-080','','',NULL,'429.446.435-68','Administração de Empresas','',NULL,'1968-04-01','M','71','992280902','cesarbriitto_@hotmail.com','Pós-Graduação',9,NULL),(83,'Edisson Campos Braga','Rua B,28','854','Conj. Ajuricaba','Alvorada','Manaus','AM','69046-600','','',NULL,'056.950.312-49','Pastor','',NULL,'1945-03-23','M','92','988156938','predisson@yahoo.com.br','Superior - Completo',9,NULL),(84,'Ana Paula Froes Casemiro','Amelia Andrade,46-Graca','46','','Graça','Valença','BA','45400-000','','',NULL,'670.035.405-68','seminarista da Segunda Igreja Batista em Valença','',NULL,'1973-05-31','F','75','75983162854','anapaula.froes@hotmail.com','Superior - Completo',9,NULL),(85,'PAULO ROBERTO GONZAGA','Rua Pedro Velho','26','Casa','Centro','Nova Iguaçu','RJ','26220-310','','',NULL,'392.293.357-20','PASTOR','',NULL,'1957-03-18','M','21','21981956757','prprgonzaga@gmail.com','Mestrado',9,NULL),(86,'Erno Selvino Schmidt','São Jacó ','1036','Ginásio ','Floresta','Santo Augusto','RS','98590-000','','',NULL,'162.880.920-53','Pastor','',NULL,'1948-09-01','M','55','999200416','ernoprcoxim@hotmail.com','Pós-Graduação',9,NULL),(87,'Ana Lucia Penha Schmidt','São Jacó','1036','Ginásio ','Floresta','Santo Augusto','RS','98590-000',NULL,NULL,NULL,'363.469.507-20',NULL,NULL,NULL,'1949-10-08','F','55','9811673217','ernoprcoxim@hotmail.com','Superior - Completo',9,NULL),(88,'João Ribeiro Oliveira','São Judas Tadeu','134','Cond. Rainha da Paz','São José','Gravatá','PE','55643-536',NULL,NULL,NULL,'357.046.165-34','Militar',NULL,NULL,'1964-11-29','M','81','995040177','tcjroliveira@hotmail.com','Mestrado',1,1889),(89,'Ana Patricia M Oliveira','São Judas Tadeu','134','Cond. Rainha da Paz','São José','Gravatá','PE','55643-536',NULL,NULL,NULL,'597.767.735-91','Contadora',NULL,NULL,'1971-07-20','F','81','995040177','tcjroliveira@hotmail.com','Pós-Graduação',9,1889),(90,'MARIA JOSE DE BRITO SILVA','QNO 11 Conjunto F ','casa 47','SETOR O','CEILANDIA','BRASILIA','DF','72255-106','','',NULL,'416.996.291-53','APOSENTADA','',NULL,'1947-05-14','F','61','3379-4557','mariajbsilva@hotmail.com','Ensino Médio - Completo',9,NULL),(91,'GEDOR RODRIGUES BISPO','Cond.  Estancia Jardim Botânico ','CJ. j  172','','LAGO SUL','Brasilia','DF','71680-365','','',NULL,'113.495.221-04','APOSENTADO','',NULL,'1944-06-17','M','61','34271892','heloisaufmbdf@gmail.com','Ensino Médio - Completo',9,NULL),(92,'Edla CALHEIROS BISPO','Cond.  Estancia Jardim Botânico - Cj. J cs 172',' cs 172',NULL,'LAGO  SUL','Brasilia','DF','71680-365',NULL,NULL,NULL,'325.330.047-15','aposentada',NULL,NULL,'1954-01-10','F','61','61996156070','ufmb.distritofederal@gmail.com','Superior - Completo',10,784),(93,'ROOSIVELT GONZAGA DOS SANTOS','ROD JUSCELINO KUBITSCHEK','4281','RESID VILLA TROPICAL RUA1 Nº82','UNIVERSIDADE','MACAPÁ','AP','68903-419','','',NULL,'336.519.302-20','AUDITOR FISCAL','',NULL,'1967-04-19','M','96','981155792','roosiveltsantos@gmail.com','Pós-Graduação',9,NULL),(94,'Dario Sabino Fonseca de Moura','Rua João Barbosa de Lira','936','Casa 69','Alto do Sumaré','Mossoró','RN','59633-738','','',NULL,'736.770.944-53','Pastor/Missionário','',NULL,'1974-05-23','M','84','999711390','dario.ibp@gmail.com','Superior - Completo',9,NULL),(95,'Antonio Adonias da Mota','Rua Martins Junior','323','','Planalto 13 de Maio','Mossoró','RN','59631-350','','',NULL,'392.894.434-72','Aposentado','',NULL,'1956-10-06','M','84','999150321','dario.ibp@gmail.com','Ensino Médio - Incompleto',9,NULL),(96,'Marival Gomes dos Santos','Rua do Jasmim','35','','Rio Doce','Olinda','PE','53070-020','','','0000-00-00','866.086.654-15','','',NULL,'1976-01-29','M','81','981288932','marivalms@gmail.com','Pós-Graduação',5,9502),(97,'ADILSON FERREIRA DOS SANTOS','Rua João Ramalho, ','440','05008-001','Perdizes ','São Paulo','SP','05008-001','','','0000-00-00','046.705.448-70','Diretor Executivo - CAM / CBESP ','',NULL,'1964-09-25','M','11','1138666710','executivo@cbesp.org.br','Mestrado',1,1851),(98,'Claudeci Santana da Silva','Rua Nova Descoberta','92','','Alto Santo Antonio','Moreno','PE','54800-000','','','0000-00-00','643.003.744-49','Contadora','',NULL,'1973-03-17','F','81','81986033081','claudeci.css@gmail.com','Superior - Completo',9,2658),(99,'Teste de Apresentação no Conselho Geral','teste','100',NULL,'centro','Rio Bonito','RJ','50050-230',NULL,NULL,NULL,'001.481.797-70',NULL,NULL,NULL,'2017-11-16','F','21','999992121','teste@bol.com.br','Superior - Completo',1,3838),(100,'Maria do Carmo Nascimento','Av. Cleto Campelo,','2702','Casa A','Centro','Moreno','PE','54800-000','','','0000-00-00','198.619.664-04','Professora','',NULL,'1952-11-04','F','81','991388817','deneri_deny@hotmail.com','Superior - Completo',9,2658),(101,'Maria do Carmo Matias Rastello','Rosangela Mariana Lima','585','casa 19','Via Aurora','Itapevi','SP','06654-160','','','0000-00-00','068.318.618-30','Contadora','',NULL,'1967-06-17','F','11','965937115','maria.rastello@mackenzie.br','Pós-Graduação',9,7779),(102,'SILVIA REGINA CARVALHO DA CONCEIÇÃO SANTOS ','Rua João Ramalho, ','440','05008-001','Perdizes ','São Paulo','SP','05008-001','','','0000-00-00','069.983.398-10','Músico','',NULL,'1968-05-28','F','11','1138666710','executivo@cbesp.org.br','Superior - Completo',3,4663),(103,'Eunice Vieira','Rua Praia de Parazinho, 2241','2241','59094350','ponta negra','Natal','RN','59094-350','','','0000-00-00','214.523.694-53','do lar','',NULL,'1932-08-31','F','84','8433015618','vcosta.vanessa@gmail.com','Ensino Fundamental',2,4335),(104,'Marcos Antonio de Oliveira Lamoia','Rua Venezuela','41','','Alto Santo Antonio','Moreno','PE','54800-000','','','0000-00-00','407.898.377-49','Aposentado','',NULL,'1955-05-25','M','81','985605623','marcosalamoia@gmail.com','Superior - Completo',2,2658),(105,'Simao Didoff Filho','Travessa Arapuã','162','','Bom Pastor','Santo Andre','SP','09051-030','','','0000-00-00','941.588.278-68','Aposentado','',NULL,'1938-12-05','M','11','984331879','sididoff38@hotmail.com','Ensino Fundamental',9,9475),(106,'Ruth Nogueira Didoff','Travessa Arapuã','162','','Bom Pastor','Santo Andre','SP','09051-030','','','0000-00-00','523.743.198-49','Aposentada','',NULL,'1938-09-26','F','11','984331879','sididoff38@hotmail.com','Ensino Fundamental',9,9475),(107,'Débora Alves Cavalcanti do Nascimento','Rua 1º de Maio','215','','Centro','Moreno','PE','54800-000','','','0000-00-00','607.330.634-20','Professora','',NULL,'1945-07-03','F','81','986680633','deboraac2012@hotmail.com','Superior - Completo',2,2658),(108,'Alcir Silva de Oliveira','Rua Joaquim Antonio Guimarães','85','39890000','centro','Joaíma','MG','39890-000','','','0000-00-00','186.447.832-20','','',NULL,'3196-05-31','M','33','37451754','alcir23oliveira@gmail.com','Superior - Completo',1,9490),(109,'ERZELAIDE ALVES DA PAZ','RUA DR. RINALDO V. FERNANDES, 163','163','CASA','ESTÂNCIA','RECIFE','PE','50771-250','','','0000-00-00','193.038.584-68','PROFESSORA','',NULL,'1940-04-14','F','81','999171804','anetemodas@hotmail.com','Pós-Graduação',2,2109),(110,'Maria Araguani Alves ','Av. Dr. Sofronio Portela','4769','','Centro','Moreno','PE','54800-000','','','0000-00-00','485.850.254-68','Professora','',NULL,'1964-11-02','F','81','985629023','araguani2015@gmail.com','Superior - Completo',9,2658),(111,'SILAS RAMOS DA SILVA','DOUTOR RINALDO VICTOR FERNANDES','163','CASA','ESTÂNCIA','RECIFE','PE','50771-250','','','0000-00-00','387.373.454-00','PEDAGOGO','',NULL,'1965-08-15','M','81','999540885','pastorsilasrsilva@hotmail.com','Pós-Graduação',1,6945),(112,'EDEMILSON PINTO VIEIRA','ALFERES MARCILIO MACHADO','721','CASA 10','TINGUI','CURITIBA','PR','82600-140','','','0000-00-00','681.154.669-72','Pastor e Advogado','',NULL,'1974-08-11','M','41','996152654','mariaelisa@edemilsonvieira.com.br','Pós-Graduação',1,4378),(113,'SEBASTIAO FRANK MARVIN ANDRADE REAL','ANTONIO DEODATO DURCE','1072','','CENTRO','CACOAL','RO','76963-874','','','0000-00-00','111.153.352-00','ARQUITETO/PASTOR','',NULL,'1956-02-17','M','69','999477955','PASTORFRANKREAL@GMAIL.COM','Pós-Graduação',1,833),(114,'JEANNE DAS NEVES FALCÃO REAL','Rua Antonio Deodato Durce','1072','76964018','CENTRO','Cacoal','RO','76964-018','','','0000-00-00','215.001.262-68','ADMINISTRADORA/ED. CRISTA','',NULL,'1964-06-27','F','69','999674068','jemarvin2@gmail.com','Pós-Graduação',4,833),(115,'ALEXSANDRA DE SOUSA AICK','RUA ANTENOR MELO','65','','CAMPINA','SÃO JOSE DE RIBAMAR','MA','65110-000','','','0000-00-00','717.066.233-72','ASSISTENTE SOCIAL','',NULL,'1974-12-08','F','98','987495494','ALEAICK@HOTMAIL.COM','Pós-Graduação',5,7955),(116,'LUSÂNIA COSTA BANDEIRA ACÁSSIO','av. 2000 quadra 99 lote 09','09','QD 99 ','BELO HORIZONTE','MARABÁ','PA','68503-240','','','0000-00-00','240.748.022-87','PROFESSORA/PEDAGOGA','',NULL,'1960-01-04','F','94','992116164','lusaniaacassio@yahoo.com.br','Pós-Graduação',4,2321),(117,'NICHOLAS BIE BAPTISTA DA SILVA','PADRE VICTORIO FREGUGLIA','615','APTO 34A','ROBERTO ROMANO','STA B. D\'OESTE','SP','12459-190',NULL,NULL,'0000-00-00','346.061.798-56','ENGENHEIRO',NULL,NULL,'1987-04-23','M','11','941992700','EXECUTIVO@JUBESP.ORG.BR','Superior - Completo',5,901),(118,'Marcilio marcos da silva','gonsalves dias','141','casa','centro','bocaiuva','MG','39390-000','','','0000-00-00','105.347.306-04','professor','',NULL,'1988-08-10','M','38','98410980','prmarcilio.marcos@yahoo.com','Superior - Completo',1,454),(119,'ALVINA FRANCISCA DE JESUS','estrada sta minica','1490','bloco g ap 24','pq sta rosa','Suzano','SP','08664-015',NULL,NULL,'0000-00-00','261.949.288-24','APOSENTADA',NULL,NULL,'1943-03-18','F','11','999352695','selma-cc@hotmail.com','Ensino Fundamental',5,3769),(120,'MARLUCE ANDRADE DA SILVA','Otaviano de Almeida Rosa','300','','San Martin','Recife','PE','50761-560','','','0000-00-00','186.882.684-87','PROFESSORA','',NULL,'1957-03-26','F','81','999668837','marluceandrade57@hotmail.com','Superior - Completo',2,2783),(121,'AUDENI DA SILVA MOURA','Av. Brasil','00','','Suburbano','Itabaiana','PB','58360-000','','','0000-00-00','192.747.772-72','Funcionário Público','',NULL,'1965-09-08','M','83','991753421','audmoura@hotmail.com','Pós-Graduação',4,2159),(122,'VERA LÚCIA DA SILVA CHAVES','Av. Brasil','00','','Suburbana','Itabaiana','PB','58360-000','','','0000-00-00','301.954.624-91','Do Lar','',NULL,'1966-02-14','F','83','991753421','audmoura@hotmail.com','Ensino Médio - Completo',4,2159),(123,'ANDERSON CARLOS GUIMARÃES CAVALCANTI','avenida professor carlos cunha','sem número','Cond Pleno Bacuri 108','Jaracaty','São Luís','MA','65076-820',NULL,NULL,'0000-00-00','024.116.494-01','PASTOR',NULL,NULL,'1977-11-04','M','98','996065016','reitoria@stbsl.org','Mestrado',6,3406),(124,'ALOISIO LEPRE DE FIGUEIREDO','ATILANO CRISOSTOMO','97','APTO 701','DOM BOSCO','CAMPOS DOS GOYTACAZES','RJ','28030-040','','','0000-00-00','537.786.857-91','ADVOGADO','',NULL,'1959-09-19','M','22','27232200','aloisio.lepre@gmail.com','Mestrado',10,5396),(125,'CLENIR MAIA VIEIRA','CONSELHEIRO JOSÉ FERNANDES','53',NULL,'CENTRO','CASA','RJ','28100-000',NULL,NULL,'0000-00-00','501.734.057-20','PROFESSORA APOSENTADA',NULL,NULL,'1931-04-05','F','22','27224223','aloisio.lepre@gmail.com','Ensino Médio - Completo',5,5137),(126,'LEDA VELASCO DE SOUZA FIGUEIREDO','ATILANO CRISOSTOMO','53','APTO 701','DOM BOSCO','CAMPOS DOS GOYTACAZES','RJ','28030-040',NULL,NULL,'0000-00-00','108.700.997-95','DO LAR',NULL,NULL,'1956-12-29','F','22','27232200','aloisio.lepre@gmail.com','Ensino Médio - Incompleto',10,5396),(127,'Vera Lia Martiniano','Rua Helvetia','234','05429130','Campos Eliseos ','SÃO PAULO','SP','01215-010','','','0000-00-00','937.184.628-34','Cuidadora','',NULL,'1954-12-28','F','11','951770647','velimar@sapo.pt','Ensino Médio - Completo',10,1852),(128,'Jose Rene Toledo','Boninas','130','casa','Esplanada','Belo Horizonte','MG','30280-220','','','0000-00-00','055.304.586-53','Aposentado','',NULL,'1947-02-13','M','31','34827656','rene@batistas-mg.org.br','Ensino Médio - Completo',1,522),(129,'ELVIRA MARIA GONÇALVES RANGEL','ARAXA','506','AP1604','FLORESTA','BELO HORIZONTE','MG','31110-280','','','0000-00-00','084.352.376-05','PEDAGOGA','',NULL,'1947-11-18','F','31','9199-7915','EGELMARA@GMAIL.COM','Superior - Completo',4,522),(130,'GERALDO RANGEL','ARAXÁ','506','AP1604','FLORESTA','BELO HORIZONTE','MG','31110-280','','','0000-00-00','251.268.497-00','Ministro de Confissão Religiosa','',NULL,'1945-06-25','M','31','99122-9361','prgeraldo.rangel@oi.com.br','Superior - Completo',1,522),(131,'Elizeu Rodrigues da Silva','avenida pedro olimpio da fonseca','323','apartamento 101','santa cruz industrial','contagem','MG','32340-250',NULL,NULL,'0000-00-00','205.455.926-15','Pastor batista',NULL,NULL,'1954-09-15','M','31','992120156','elizeurodriguessilva@yahoo.com.br','Pós-Graduação',1,307),(132,'elisabeth rosa da silva','avenida pedro olimpio da fonseca','323','apartamento 101','santa cruz industrial','contagem','MG','32340-250','','','0000-00-00','116.382.301-53','do lar','',NULL,'1956-11-27','F','31','992120156','elizeurodriguessilva@yahoo.com.br','Ensino Médio - Completo',10,307),(133,'Filipe Azevedo da Costa','Fortaleza','111','','cidade nova','Fervedouro','MG','36815-000','','','0000-00-00','042.845.736-32','Psicólogo','',NULL,'1981-05-27','M','32','999271866','prfilipeazevedo@hotmail.com','Superior - Completo',1,7656),(134,'Fernanda Dias Rodrigues da Costa','Fortaleza','111',NULL,'cidade nova','Fervedouro','MG','36815-000',NULL,NULL,'0000-00-00','044.577.626-95','secretaria',NULL,NULL,'1981-05-27','F','32','998229054','nandarc.22@gmail.com','Ensino Médio - Completo',3,7656),(135,'Tadeu Delfino Basilio','Cinco de Março','180','Apt 201','Centro','São Fidélis','RJ','28400-000','','','0000-00-00','014.615.637-47','Ministro de culto','',NULL,'1969-09-28','M','22','998239874','mapcidabasilio@ig.com.br','Superior - Completo',1,5150),(136,'hosanavete xavier de oliveira santos','SP 4 QD.6 LT.11','184','','Setor Perim','Goiania','GO','74580-260','','','0000-00-00','124.947.981-91','aposentada','',NULL,'1954-09-22','F','62','3586_2591','lourivalss@hotmail.com','Superior - Completo',4,4368),(137,'FRANCISCO XIMENES FILHO','ALAMEDA DAS ORQUIDEAS','172','QUADRA 18','CIDADE DOIS MIL','FORTALEZA','CE','60190-430','','','0000-00-00','136.678.663-72','CONTADOR','',NULL,'1958-10-22','M','85','32492023','FXIMENES2012@HOTMAIL.COM','Superior - Completo',8,5903),(138,'Wilson da Silva Almado','São Miguel','500','Centro','Pinheiro Grosso','Barbacena','MG','36207-500',NULL,NULL,'0000-00-00','383.938.917-87','Servidor público municipal',NULL,NULL,'1954-07-31','M','32','33937080','wilsilvalmado@yahoo.com.br','Superior - Incompleto',1,3037),(139,'lourival da Silva Santos','rua sp.4 qd.6 lt.11 ','184','','Setor Perim','Goiania','GO','74580-260','','','0000-00-00','117.707.751-53','pastor','',NULL,'1956-06-15','M','62','3586_2591','lourivalss@hotmail.com','Superior - Completo',1,564),(140,'ELI BARBOSA DE MORAES','QRC ','10','casa 30','Residencial Santos Dumont','Santa Maria','DF','72593-110','','','0000-00-00','100.038.357-15','MILITAR REFORMADO','',NULL,'1949-02-26','M','61','6133945459','moraes.sal@gmail.com','Superior - Completo',1,6968),(141,'Eliane Melo Salgado de Moraes','QRC ','10','casa 30','Residencial Santos Dumont','Santa Maria','DF','72593-110','','','0000-00-00','153.903.651-00','Pedagoga','',NULL,'1956-08-17','F','61','6133945459','moraes.sal@gmail.com','Pós-Graduação',3,6968),(142,'ESIO MOREIRA DA SILVA','Alcides Ferreira','750','Casa','Parque São Domingos','Pindamonhangaba','SP','12410-430','','','0000-00-00','923.411.107-97','FUNCIONÁRIO PÚBLICO ESTADUAL','',NULL,'1966-10-29','M','12','988148070','esiosilva@policiamilitar.sp.gov.br','Superior - Completo',1,3030),(143,'ANA AMÉLIA EUGENIO DA SILVA','ALCIDES FERREIRA','750','CASA','PARQUE SÃO DOMINGOS','PINDAMONHANGABA','SP','12410-430','','','0000-00-00','185.779.818-00','Do lar','',NULL,'1974-02-07','F','12','988148070','esiosilva@policiamilitar.sp.gov.br','',10,3030),(144,'Daniel de Oliveira Candido Junior','Rua Rio de Janeiro','1250','85.960-000','Centro','Marechal Cândido Rondon','PR','85960-000','','','0000-00-00','029.660.477-12','Pastor Batista','',NULL,'1972-12-04','M','45','4532848414','pr.dcandidojr@gmail.com','Pós-Graduação',1,2462),(145,'Hélida costa de Sá Cândido','Rua Rio de Janeiro','1250','85960-000','Centro ','Marechal Cândido Rondon','PR','85960-000','','','0000-00-00','047.809.937-17','Professora','',NULL,'1975-09-18','F','45','4532848414','helida.candido@gmail.com','Superior - Completo',10,2462),(146,'Antônio Roberto Pinto','Rua João Leme do Prado,33, 33','33','CASA','VILA JUNDIAINOPOLIS','Jundiaí','SP','13206-610','','','0000-00-00','079.196.973-87','MISSIONÁRIO JMN','',NULL,'1954-01-22','M','11','11983040645','arpintosp@gmail.com','Superior - Completo',1,1053),(147,'MANOEL RAMIRES FILHO ','Cantagalo','2044','Apto 44','Vila Gomes Cardim ','São Paulo','SP','03319-002','','','0000-00-00','212.239.128-68','Pastor ','',NULL,'1949-09-19','M','11','22931297','mrf1905@gmail.com','Pós-Graduação',1,3411),(148,'DARCI FERREIRA DA SILVA RAMIRES ','Cantagalo','2044','apto- 44','Vila Gomes Cardim ','São Paulo ','SP','03319-002','','','0000-00-00','064.575.408-05','','',NULL,'1962-02-26','F','11','22931297','mrf1905@gmail.com','Superior - Completo',9,3411),(149,'Walfredo Correia do Nascimento','Av itapetinga, 1594','1594','59124-400','Potengi','Natal','RN','59124-400','','','0000-00-00','222.301.304-04','Militar','',NULL,'1961-10-18','M','84','988931827','walfredocorreia@yahoo.com.br','Superior - Completo',1,9215),(150,'João Luis Priori Porto','Rua Juvenal Ferreira','85','ap 81','Vila Matilde','São Paulo','SP','03512-040','','','0000-00-00','008.243.448-47','Aposentado','',NULL,'1960-03-10','M','11','999576432','joaopriori@uol.com.br','Mestrado',4,2392),(151,'Dalva Vaz Ferreira Porto','Juvenal Ferreira','85','ap 81','Vila Matilde','São Paulo','SP','03512-040','','','0000-00-00','100.554.388-73','Aposentada','',NULL,'1967-06-20','F','11','996208281','dalvaz@uol.com.br','Pós-Graduação',4,2392),(152,'Ademir Borges Nascimento','Rafael Cozzolino','04','casa','Fragoso','Magé','RJ','25935-260','','','0000-00-00','529.338.657-34','Pedreiro','',NULL,'1953-08-24','M','21','26593064','sibfragoso@yahoo.com.br','Ensino Fundamental',9,1320),(153,'Alzeri Cordeiro','U','275','casa','Fragoso','Magé','RJ','25935-546',NULL,NULL,'0000-00-00','454.877.827-68','Pedreiro',NULL,NULL,'1946-04-21','M','21','985187504','sibfragoso@yahoo.com.br','Ensino Fundamental',2,1320),(154,'Herli Borges Cordeiro','U','275','casa','Fragoso','Magé','RJ','25935-546','','','0000-00-00','011.298.977-29','Do Lar','',NULL,'1942-09-23','F','21','985187504','ssibfragoso@yahoo.com.br','Ensino Fundamental',2,1320),(155,'Adair Almeida de Oliveira','Sargento de Medeiros','435','casa','Fragoso','Magé','RJ','25935-482','','','0000-00-00','028.433.977-66','Do Lar','',NULL,'1950-04-30','F','21','36555473','sibfragoso@yahoo.com.br','Ensino Fundamental',9,1320),(156,'Paulo Aquino de Oliveira','Sargento de Medeiros','435','casa','Fragoso','Magé','RJ','25935-482','','','0000-00-00','285.352.607-06','Tecelão','',NULL,'1943-10-08','M','21','36555471','sibfragoso@yahoo.com.br','Ensino Fundamental',2,1320),(157,'Carlos Marques','Manoel Paulo de Farias ','424','casa','Fragoso','Magé','RJ','25935-298','','','0000-00-00','484.880.117-68','Serralheiro','',NULL,'3195-06-01','M','21','990609350','sibfragoso@yahoo.com.br','Ensino Fundamental',10,1320),(158,'Josélia Tobias Marques','Manoel Paulo de Farias','424','casa','Fragoso','Magé','RJ','25935-298','','','0000-00-00','466.746.167-53','Serviço Gerais','',NULL,'1945-10-26','F','21','990609350','sibfragoso@yahoo.com.br','Ensino Fundamental',10,1320),(159,'David Pereira da Silva','Tupaceretan','S/N','casa','Santa Lúcia','Duque de Caxias','RJ','25271-350','','','0000-00-00','268.345.457-00','Aposentado','',NULL,'6194-12-03','M','21','26782394','sibfragoso@yahoo.com.br','Ensino Médio - Completo',10,1320),(160,'Magnólia Rodrigues Pereira','Tupacereetan','S/N','casa','Santa Lúcia','Magé','RJ','25271-350','','','0000-00-00','520.641.907-91','Aposentada','',NULL,'1958-08-09','F','21','26782394','sibfragoso@yahoo.com.br','Superior - Completo',10,1320),(161,'Moyses Pacheco','Expedicionário Otácilio','439','casa','Fragoso','Magé','RJ','25935-494','','','0000-00-00','556.010.657-72','Gesseiro','',NULL,'1948-06-02','M','21','26598529','sibfragoso@yahoo.com.br','Ensino Fundamental',10,1320),(162,'Conceição Santana Pacheco','Expedicionário Otácilio','439','casa','Fragoso','Magé','RJ','25935-494','','','0000-00-00','032.379.817-96','Do Lar','',NULL,'1946-01-24','F','21','26598529','sibfragoso@yahoo.com.br','Ensino Fundamental',10,1320),(163,'Darleildea Soares Dias Castilho','Rafael Cozzolino','02','casa','Fragoso','Magé','RJ','25935-260','','','0000-00-00','055.699.087-06','Do Lar','',NULL,'1949-01-15','F','21','0','sibfragoso@yahoo.com.br','Ensino Fundamental',10,1320),(164,'Dorca do Nascimento Pacheco','C','S/N','casa','Fragoso','Magé','RJ','25935-302','','','0000-00-00','010.407.037-47','Do lar','',NULL,'1948-09-05','F','21','26598836','sibfragoso@yahoo.com.br','Analfabeto',10,1320),(165,'Denilson Ribeiro','Manoel Paulo de Farias','667','casa','Fragoso','Magé','RJ','25935-298','','','0000-00-00','825.447.517-20','Pedreiro','',NULL,'1963-06-30','M','21','9859255621','sibfragoso@yahoo.com.br','Ensino Fundamental',10,1320),(166,'Elzira Borges Nascimento','P','S/N','casa','Fragoso','Magé','RJ','25935-314','','','0000-00-00','022.206.307-65','Do Lar','',NULL,'1947-04-28','F','21','36553146','sibfragoso@yahoo.com.br','Ensino Fundamental',2,1320),(167,'Élio de Oliveira','Av. Automóvel Clube,','2983','casa','Fragoso','Magé','RJ','25935-442','','','0000-00-00','954.059.767-68','Autonono','',NULL,'1966-01-06','M','21','26591054','sibfragoso@yahoo.com.br','Ensino Fundamental',10,1320),(168,'Neusa de Oliveira','Av. Automóvel Clube','2983','casa','Fragoso','Magé','RJ','25935-442','','','0000-00-00','421.538.917-87','Professora','',NULL,'1947-01-01','F','21','26591054','sibfragoso@yahoo.com.br','Superior - Completo',10,1320),(169,'Emilio Queiroz Cerri','Carlos Grand','48','casa','Fragoso','Magé','RJ','25935-260','','','0000-00-00','433.264.557-04','Aposentado','',NULL,'1949-01-25','M','21','27393887','sibfragoso@yahoo.com.br','Ensino Fundamental',10,1320),(170,'José Rangel dos Santos','Armando Genovesi','31','casa','Fragoso','Magé','RJ','25935-256','','','0000-00-00','357.041.447-72','Aposentado','',NULL,'1945-08-08','M','21','9994024386','sibfragoso@yahoo.com.br','Ensino Fundamental',10,1320),(171,'Heloisa Helena Neves Pinto','Av. Roberto Silveira','113','Apto','Piabetá','Magé','RJ','25935-514','','','0000-00-00','286.105.637-15','Aposentada','',NULL,'1950-05-16','F','21','99546293','sibfragoso@yahoo.com.br','Superior - Completo',10,1320),(172,'Virginia Maria Ferraz da Silva','Rafael Cozzolino','140','casa','Fragoso','Magé','RJ','25935-260','','','0000-00-00','018.715.787-10','Do Lar','',NULL,'1950-07-03','F','21','26593043','sibfragoso@yahoo.com.br','Analfabeto',10,1320),(173,'Zenir de Oliveira Soares do Nascimento','Do Comércio','28','casa','Piabetá','Magé','RJ','25935-654','','','0000-00-00','556.401.847-87','Aposentada','',NULL,'1957-12-11','F','21','26592765','sibfragoso@yahoo.com.br','Ensino Médio - Completo',10,1320),(174,'Leani do Rêgo Silva','Manoel Paulo de Farias','102','casa','Fragoso','Magé','RJ','25935-298','','','0000-00-00','248.351.887-72','Professora','',NULL,'1952-09-22','F','21','27392759','ldoregosilva@yahoo.com.br','Superior - Completo',10,1320),(175,'Lia do Rêgo Silva','Manoel Paulo de Farias','102','casa','Fragoso','Magé','RJ','25935-298','','','0000-00-00','690.549.167-53','Aposentada','',NULL,'1954-07-20','F','21','992441104','ldoregosilva@yahoo.com.br','Ensino Médio - Completo',10,1320),(176,'Aparecida Felix Quirino','Rua Rua 21, Residencial Olavo bilc','Residencial Olavo bi','apto 1604','Aguas Claras','Brasilia','DF','71925-540','','','0000-00-00','523.608.491-15','aposentada','',NULL,'1966-08-24','F','61','992006763','heloisaufmbdf@gmail.com','Superior - Completo',10,9629),(177,'heloisaufmbdf@gmail.com','Av.Pau Brasil , Lote 11, Apto.507 - Torre 1','Apto.507 - Torre 1','','Aguas Claras','Brasilia ','DF','71916-500','','','0000-00-00','340.673.021-34','aposentado','',NULL,'1962-11-24','M','61','996156070','heloisaufmbdf@gmail.com','Superior - Completo',10,7905),(178,'Oseas Madson de Souza','Av. José Canut','95',NULL,'Fatima','Araguarí','MG','38441-563',NULL,NULL,'0000-00-00','268.542.106-82','Pastor',NULL,NULL,'1958-12-07','M','81','992027629','corinthosmad@bol.com.br','Superior - Completo',10,543),(179,'HELOISA ALVES SOARES ARAUJO RESENDE','Rua 5 chacara 279','casa 13','Residencial Bela Vista','Vicente Pires','Brasilia ','DF','71006-145','','','0000-00-00','078.360.903-53','APOSENTADA','',NULL,'1956-03-02','F','61','996156070','ufmb.distritofederal@gmail.com','Pós-Graduação',9,3777),(180,'ANTONIO JOSE DE RESENDE','RUA 5  CHACARA 279','CASA 13','COND.BELA VISTA','VICENTE  PIRES','BRASILIA','DF','72006-145','','','0000-00-00','084.122.271-15','MISSIONARIO','',NULL,'1951-06-25','M','61','61996156070','ufmb.distritofederal@gmail.com','Ensino Médio - Incompleto',10,3777),(181,'ALFREDO    GAMA  FILHO','QND 25 BL. D','Aptº 104 ','','Taguatinga','Brasilia','DF','72120-250','','','0000-00-00','085.432.911-00','AUTONOMO','',NULL,'1952-01-28','M','61','996156070','ufmb.distritofederal@gmail.com','Ensino Médio - Completo',10,4439),(182,'LAESSE GUIMARAES  GUERRA GAMA','QND 25 BL. D ',' Aptº 104 ','','Taguatinga','Brasilia','DF','72120-250','','','0000-00-00','097.676.491-15','PROFESSORA','',NULL,'1953-04-26','F','61','61996156070','ufmb.distritofederal@gmail.com','Superior - Completo',2,2841),(183,'Durandir Carvalho Moulaz','2a. Av. Bl.1520','cs 9','','NUCLEO BANDEIRANTE','BRASILIA','DF','71715-047','','','0000-00-00','227.101.321-68','aposentada','',NULL,'1932-04-12','F','61','61996156070','ufmb.distritofederal@gmail.com','Ensino Médio - Completo',2,2841),(184,'Odete de Carvalho Mota','QI 14 Bl S ','apto 308','','GUARA II','BRASILIA','DF','71015-190','','','0000-00-00','032.715.791-72','APOSENTADA','',NULL,'1947-05-16','F','61','61996156070','ufmb.distritofederal@gmail.com','Ensino Médio - Completo',2,5661),(185,'Zenir Maria Souza Alves da Costa','Qd.28. Casa 28 ','Etapa c','','ETAPA C','VALPARAIZO','GO','72876-228','','','0000-00-00','255.189.411-53','APOSENTADA','',NULL,'1952-12-09','F','61','61996156070','ufmb.distritofederal@gmail.com','Ensino Médio - Completo',10,3948),(186,'Jose Raimundo Costa','Qd.28. Casa 28 - Etapa c','- Etapa c','',' Etapa c','VALPARAIZO','GO','72876-228','','','0000-00-00','030.272.446-04','APOSENTADO','',NULL,'1945-08-20','M','61','61996156070','ufmb.distritofederal@gmail.com','Superior - Completo',10,3948),(187,'Nadir de Souza Cordeiro','Qd.28.  Etapa c','Casa 28','','GAMA','BRASILIA','DF','72876-228','','','0000-00-00','014.338.538-09','APOSENTADA','',NULL,'1940-04-14','F','61','996156070','ufmb.distritofederal@gmail.com','Ensino Médio - Completo',2,2814),(188,'ARTUR CASTRO DO NASCIMENTO','Av. creta','8','Quadra 281','Nova Cidade','Manaus','AM','69097-438','','','0000-00-00','436.494.832-20','FUNCIONÁRIO PÚBLICO','',NULL,'1972-12-11','M','92','982284153','artecale@msn.com','Superior - Incompleto',2,1189),(189,'Jessica Alves  Soares Araújo','RUA 5 CH 279','CASA 13','','VICENTE PIRES','BRASILIA','DF','72006-145','','','0000-00-00','034.987.871-44','estudante','',NULL,'1992-05-10','F','61','996156070','ufmb.distritofederal@gmail.com','Ensino Fundamental',10,5077),(190,'TELMA GAMA RODRIGUES DO NASCIMENTO','Av. Creta','8','Quadra 281','Nova Cidade','Manaus','AM','69097-438','','','0000-00-00','464.442.462-53','ARTESÃ','',NULL,'1972-12-12','F','92','994731122','telllmma@msn.com','Superior - Incompleto',2,1189),(191,'ELMA BECKMAN DA SILVA','QD. 72 LOTE 5',' LOTE 5','','PQ.Estrela Dalva XI','SANTO ANTONIO DO DESCOBERTO','GO','72906-410','','','0000-00-00','076.099.653-91','APOSENTADA','',NULL,'1954-04-03','F','61','996156070','ufmb.distritofederal@gmail.com','Superior - Completo',7,7175),(192,'Antonio Luiz Guimaraes Missias','QNM 38 CONJ.C ','CS 27','','TAGUATINGA','BRASILIA','DF','72145-803','','','0000-00-00','078.426.193-87','PASTOR','',NULL,'1954-12-29','M','61','996156070','ufmb.distritofederal@gmail.com','Superior - Completo',6,3321),(193,'DILME COUTINHO DA ROSA MISSIAS','QNM 38 CONJ.C ','CS 27','','TAGUATINGA','BRASILIA','DF','72145-803','','','0000-00-00','501.900.167-87','PROFESSORA','',NULL,'1958-06-27','F','61','996156070','ufmb.distritofederal@gmail.com','Pós-Graduação',4,7123),(194,'Jemima  Coutinho Messias','QNM 38 CONJ.C CS 27',' CS 27','','TAGUATINGA','BRASILIA','DF','72145-803','','','0000-00-00','036.153.221-00','ESTUDANTE','',NULL,'1994-07-17','F','61','996156070','ufmb.distritofederal@gmail.com','Superior - Completo',3,2593),(195,'Tilda Calvet Souza Santos','QE 24 CONJ  N  CASA-24 ','CASA-24 ','','GUARA','BRASILIA','DF','71060-142','','','0000-00-00','222.450.901-44','Aposentada','',NULL,'1944-10-20','F','61','996156070','ufmb.distritofederal@gmail.com','Superior - Completo',10,1903),(196,'Anelise de Oliveira Monteiro','SQN 410 bl.O','apto 109','','ASA NORTE','BRASILIA','DF','70865-150','','','0000-00-00','340.560.171-15','aposentada','',NULL,'1965-05-22','F','61','996156070','ufmb.distritofederal@gmail.com','Superior - Completo',10,1903),(197,'Gildete  Rodrigues  Bispo da Costa','QE- 44 CONJ. \"B\" ',' CASA, 02 ','','GUARA I','BRASILIA','DF','71070-027','','','0000-00-00','132.269.161-49','CABELEREIRA','',NULL,'1950-11-02','F','61','996156070','ufmb.distritofederal@gmail.com','Ensino Médio - Completo',10,1903),(198,'Maria da Guia de Oliveira Bispo','R- 22 - Casa 11 ',' Vila Nova','','SÃO SEBASTIÃO','BRASILIA','DF','71693-123','','','0000-00-00','401.261.293-04','APOSENTADA','',NULL,'1954-05-12','F','61','996156070','ufmb.distritofederal@gmail.com','Ensino Médio - Incompleto',9,5759),(199,'Arlene Santana Aires','Av.Adalberto Ribeiro, 316','316','','CAROLINA','CAROLINA','DF','65980-000','','','0000-00-00','365.585.403-04','FUNCIONARIA PUBLICA','',NULL,'1945-08-03','F','61','996156070','ufmb.distritofederal@gmail.com','Superior - Completo',10,1003),(200,'Meirian Prado Teles','QD. 28 conj. I ',' Casa 13','','PARANOA','BRASILIA','DF','71572-809','','','0000-00-00','205.874.811-53','APOSENTADO','',NULL,'1947-06-05','F','61','996156070','ufmb.distritofederal@gmail.com','Ensino Médio - Completo',10,3133),(201,'keller karlla  Gomes Leite','Qd.569','lt.13','','Parque Estrela Dalva','NOVO GAMA','GO','72860-532','','','0000-00-00','961.571.781-91','Professora','',NULL,'1979-12-12','F','61','996156070','ufmb.distritofederal@gmail.com','Superior - Completo',10,635),(202,'Avelina Lima Guimaraes','Qd.569','lote 13','','Parque Estrela Dalva','NOVO GAMA','DF','72860-532','','','0000-00-00','076.735.312-91','Aposentada','',NULL,'1956-08-19','F','61','996156070','ufmb.distritofederal@gmail.com','Ensino Médio - Completo',10,5764),(203,'Aldenora Pereira Nóbrega','QND 26 bl B apto 209','apto 209  ','Ed. Vila Verde ','Taguatinga','Brasilia','DF','72120-260','','','0000-00-00','645.371.108-72','autonoma','',NULL,'1950-11-12','F','61','996156070','ufmb.distritofederal@gmail.com','Ensino Médio - Completo',10,3777),(204,'Clotildes Gracinda Ferreira de Sá','CNB 03 lote 10','apto 202','- Edifício Varandas','TAGUATINGA','BRASILIA','DF','71115-035','','','0000-00-00','009.719.791-20','aposentada','',NULL,'1938-04-13','F','61','996156070','ufmb.distritofederal@gmail.com','Ensino Médio - Completo',2,3777),(205,'Léa dos Santos Costa','QNB-12 ','CASA 27',NULL,'TAGUATINGA','BRASILIA','DF','72115-120',NULL,NULL,NULL,'186.049.511-72','aposentada',NULL,NULL,'1958-08-28','F','61','996156070','ufmb.distritofederal@gmail.com','Ensino Médio - Completo',10,3777),(206,'Elza Gomes de Campos','QNA 37 ','casa 12','','TAGUATINGA','BRASILIA','DF','72110-370','','','0000-00-00','222.227.071-53','aposentada','',NULL,'1947-10-06','F','61','996156070','ufmb.distritofederal@gmail.com','Pós-Graduação',2,3777),(207,'Lúcia de Fátima Vieira  da  Costa','Av.Framboyant, lt. 06','apto.1201. ',' Ed. Vinicius Serrão','AGUAS CLARAS','BRASILIA','DF','72917-000','','','0000-00-00','151.090.623-15','EMPRESARIA','',NULL,'1958-07-06','F','61','996156070','ufmb.distritofederal@gmail.com','Superior - Completo',10,3777),(208,'Inacia Coleta Nogueira','Rua Filemon Nogueira , 1815 -Centro','1815 ','','Centro','CORRENTE ','PI','64980-000','','','0000-00-00','059.687.551-72','APOSENTADA','',NULL,'1945-06-16','F','61','996156070','ufmb.distritofederal@gmail.com','Superior - Completo',10,1210),(209,'Gessy Rodrigues','QNC 10 CS 29 ','CS 29 ','','TAGUATINGA','BRASILIA','DF','72115-600','','','0000-00-00','227.084.301-06','aposentada','',NULL,'1940-01-01','F','61','996156070','UFMB.DISTRITOFEDERAL@GMAIL.COM','Superior - Completo',10,8167),(210,'Antonia Marques de Souza','SMS  E CONJ.5 LOTE 05 ',' CASA 1 ','','Setor de Mansões Samambaia','Brasilia','DF','72310-205','','','0000-00-00','084.750.911-72','APOSENTADA','',NULL,'1947-04-10','F','61','996156070','ufmb.distritofederal@gmail.com','Ensino Médio - Completo',10,8462),(211,'NELCIA MARIANA F.TORQUATO','SQS 305 BL.G ','APTO.406  ','',' ASA SUL','Brasilia','DF','70352-070','','','0000-00-00','314.695.071-53','APOSENTADA','',NULL,'1961-08-05','F','61','996156070','UFMB.DISTRITOFEDERAL@gmail.com','Superior - Completo',10,8143),(212,'MOACY ANTUNES DE ALMEIDA','SQS 305 BL.G ','APTO.406 ','','ASA SUL','Brasilia','DF','70352-070','','','0000-00-00','518.420.507-10','aposentado','',NULL,'1958-02-01','F','61','996156070','ufmb.distritofederal@gmail.com','Superior - Completo',1,8143),(213,'SAMUEL  TORQUATO DE ALMEIDA','SQS 305 BL.G ','APTO.406 ','','ASA SUL','BRASILIA','DF','70352-070','','','0000-00-00','015.537.661-64','estudante','',NULL,'1994-03-06','M','61','996156070','ufmb.distritofederal@gmail.com','Ensino Médio - Completo',10,8143),(214,'Jetro Coutinho Messias','Av.Pau Brasil , Lote 11,',' Apto.507 ','Torre 1','Aguas Claras','brasilia','DF','71916-500','','','0000-00-00','036.129.561-83','AUDITOR','',NULL,'1990-12-15','M','61','996156070','ufmb.distritofederal@gmail.com','Superior - Completo',10,9753),(215,'Ana Felix Quirino','Av.Pau Brasil , Lote 11, Apto.507 - Torre 1','Apto.507 - Torre 1','','AGUAS CLARAS','BRASILIA','DF','71916-500','','','0000-00-00','026.832.811-02','BANCARIA','',NULL,'1991-06-13','F','61','996156070','UFMB.DISTRITOFEDERAL@GMAIL.COM','Superior - Completo',10,4016),(216,'Jaime Franklin do Nascimento','Estrada Adhemar Bebiano n 257 bl2 apt 802','257','bl.2-ap.802','Del Castilho','Rio de Janeiro','RJ','21051-071','','','0000-00-00','723.636.227-15','Pastor e professor','',NULL,'1960-02-21','M','21','34778295','augenijaime@yahoo.com.br','Superior - Completo',1,5258),(217,'ARCHIMEDES SILVA DE ABREU','giovani quadri','459','','itaquera','são paulo','SP','08255-500','','','0000-00-00','504.126.478-34','APOSENTADO','',NULL,'1950-12-07','M','11','975433041','archimedes.abreu@uol.com.br','Ensino Médio - Completo',2,1164),(218,'Eduim Harim Keidann','Dr. Frederico Bastos','261',NULL,'Fragata','Pelotas-','RS','93030-330',NULL,NULL,'0000-00-00','061.025.570-34','Professor',NULL,NULL,'1941-07-19','M','53','32210156','eduimcarmen@ibest.com.br','Superior - Completo',2,2387),(219,'Ery Herdy Zanardi','Rua Paissandu - de 2 a 99998 - lado par','359','302','Flamengo','Rio de Janeiro','RJ','22210-080','','','0000-00-00','555.693.587-49','Professor','',NULL,'1958-06-06','F','21','976998608','eryhzanardi@uol.com.br','Mestrado',3,3487),(220,'Eth da Silva Zanardi','Rua Paissandu - de 2 a 99998 - lado par','359','302','Flamengo','Rio de Janeiro','RJ','22210-080','','','0000-00-00','420.137.477-72','Cirurgião Dentista','',NULL,'1956-08-19','M','21','999866735','ethszanardi@uol.com.br','Pós-Graduação',3,3487),(221,'Elizete Maria Bittencourt Soares Miranda','rua mauricio de abreu','882','','Neves','São Gonçalo','RJ','24425-300','','','0000-00-00','925.724.726-00','Pedagoga','',NULL,'1970-05-08','F','21','26281305','elizetemiranda@hotmail.com','Pós-Graduação',4,2717),(222,'ROSELI MARTINS XAVIER PINTO','Presidente Carlos de Campos','115','1002','laranjeiras','Laranjeiras','RJ','22235-080','','','0000-00-00','637.197.547-15','ADVOGADO','',NULL,'1960-11-18','F','21','999487095','consultoria@roselimartinsadv.com.br','Pós-Graduação',5,7162),(223,'Santina Gomes ','Tula Freire de Souza ','135','CASA','San Martin','Recife ','PE','50761-730','','','0000-00-00','007.427.174-10','PROFESSORA ','',NULL,'1983-05-04','F','81','999247264','santina_gomes@hotmail.com','Mestrado',5,3251),(224,'Carmen Regina Mendes Keidann','Av. Bento Gonçalves','3761','','Centro','Pelotas','RS','96015-145','','','0000-00-00','001.923.160-10','Professora','',NULL,'1945-07-17','F','53','32253761','pibpel@pibpel.com.br','Ensino Médio - Completo',4,2387),(225,'Olavo A Pôrto','Rua: 111, 194','194','','SETOR ','SUL','GO','74085-130','','','0000-00-00','190.014.601-00','PASTOR','',NULL,'1959-06-01','M','62','6235413233','olavoaporto@yahoo.com.br','Superior - Completo',6,3151),(226,'Nicacio Dionizio de Souza Junior','R Josefina ','118','26070-464','Miguel Couto ','Nova Iguaçu','RJ','26070-464','','','0000-00-00','053.102.907-70','Professor e Psicanalista  ','',NULL,'1977-11-19','M','21','993465252','nicaciodz@gmail.com','Pós-Graduação',1,4925),(227,'ANTONIO HENRIQUE LINO MELO E SILVA','SGAS 905, MOD. E/F','SN','','ASA SUL','BRASÍLIA','DF','70390-050','','','0000-00-00','640.936.543-87','','',NULL,'1979-03-23','M','61','32448806','memorial@imbb.org.br','',3,784),(228,'ALANAR ROMÃO CALDAS','Rua dos Pelicanos','190','residencial','Rincão ','MOssoró ','RN','59626-105','','','0000-00-00','578.310.094-34','PASTOR','',NULL,'1967-10-14','M','84','988551135','pralanar@hotmail.com','Mestrado',1,2681),(229,'MAURICIO DO AMARAL BOSSOIS','Professor Hilarião da Rocha','300','','Tauá','Ilha do Governador','RJ','21920-040','','','0000-00-00','089.343.197-47','PASTOR','',NULL,'1980-03-24','M','21','33963937','ibtaua@ibtaua.org.br','Superior - Completo',1,3799),(230,'MARINALVA FREIRE DE ALMEIDA','SÃO JOSE','306','','CAVALEIRO','JABOATÃO DOS GUARARAPES','PE','54210-570','','','0000-00-00','475.783.434-91','PENSIONISTA','',NULL,'1949-04-06','F','81','986500624','sergioalmeida1@uol.com.br','Ensino Médio - Completo',9,235),(231,'Waldelisia Duarte Junqueira','Av.Gameleira Qd. X-13 Lt.01','252','74655030','Jardim Brasil','Goiânia','GO','74320-230','','','0000-00-00','123.921.201-10','Musicoterapeuta','',NULL,'1954-10-11','F','62','993590080','waljunq@hotmail.com','Superior - Completo',4,7193),(232,'Miriã Cunha Abreu','Rua 259','57','','Vila Coimbra','Goiânia','GO','74533-090','','','0000-00-00','169.556.761-72','Tecnico Enfermagem','',NULL,'1952-03-11','F','62','991473127','waljunq@hotmail.com','Ensino Médio - Completo',4,3697),(233,'Adma Lúcia Pereira Silva','Rua T 47 nº 259','259','','Setor Oeste','Goiânia','GO','74140-120','','','0000-00-00','463.107.701-87','Costureira','',NULL,'1951-05-05','F','62','981406568','waljunq@hotmail.com','Ensino Médio - Completo',9,7000),(234,'WALDELICE DUARTE LIMA','Rua Marajá Qd. 43 Lt.05 nº 40','40','','Jardim Mirabel','Goiânia','GO','74485-590','','','0000-00-00','283.381.541-72','Técnico Segurança do Trabalho','',NULL,'1956-01-20','F','62','992986633','waldeliced@hotmail.com','Ensino Médio - Completo',4,7539),(235,'Wivaldo Junqueira de Souza','Av. Gameleira Qd. X-13 Lt.01','252','74655030','Jardim Brasil','Goiânia','GO','74320-230','','','0000-00-00','217.174.511-87','Marceneiro','',NULL,'1956-11-25','M','62','981168650','waljunq@hotmail.com','Ensino Médio - Completo',2,32),(236,'Gabriel de Souza Ferreira','Rua São José','2314','Apto 34','PIO X','Caxias do Sul','RS','95020-270','','','0000-00-00','350.935.361-72','pastor','',NULL,'1964-10-07','M','54','999330898','gabriel.ferreira@missoesnacionais.org.br','Superior - Completo',1,5768),(237,'Júnia Araújo de Lima','GRACILIANO DE OLIVEIRA, 09','09','casa','Vl. São Vicente ','PENÁPOLIS','SP','16300-000','','','0000-00-00','158.098.598-01','aposentada','',NULL,'1945-11-06','F','18','36520026','juniamec@gmail.com','Superior - Completo',5,2388),(238,'Jonas Barbosa de Lima','GRACILIANO DE OLIVEIRA, 09','09','casa','Vl. São Vicednte','PENÁPOLIS','SP','_____-___','','','0000-00-00','030.372.154-53','Pastor ','',NULL,'1942-04-20','M','18','1836520026','limajonas@globo.com','Superior - Completo',1,2388);

--
-- Table structure for table `CAD_RED_REDES_SOCIAIS`
--

CREATE TABLE `CAD_RED_REDES_SOCIAIS` (
  `RED_ID` int(11) NOT NULL AUTO_INCREMENT,
  `RED_Url` text,
  `CLI_ID` int(11) DEFAULT NULL,
  PRIMARY KEY (`RED_ID`),
  KEY `fk_MCAD_TRED_1` (`CLI_ID`) USING BTREE,
  CONSTRAINT `fk_MCAD_TRED_1` FOREIGN KEY (`CLI_ID`) REFERENCES `CAD_CLI_CLIENTES` (`CLI_ID`)
) ENGINE=InnoDB AUTO_INCREMENT=4 DEFAULT CHARSET=latin1 ROW_FORMAT=COMPACT;

--
-- Dumping data for table `CAD_RED_REDES_SOCIAIS`
--

INSERT INTO `CAD_RED_REDES_SOCIAIS` VALUES (1,'',543),(2,'',9583),(3,'',9502);

--
-- Table structure for table `CAD_SYS_SYSTEM`
--

CREATE TABLE `CAD_SYS_SYSTEM` (
  `SYS_Versao` varchar(20) DEFAULT NULL,
  `SYS_CodigoUnicoCliente` varchar(20) DEFAULT NULL,
  `SYS_Bloqueio` char(1) DEFAULT NULL,
  `SYS_QuantidadeMaxMembros` int(11) DEFAULT NULL,
  `SYS_TemaSite` varchar(100) DEFAULT NULL
) ENGINE=InnoDB DEFAULT CHARSET=latin1 ROW_FORMAT=COMPACT;

--
-- Dumping data for table `CAD_SYS_SYSTEM`
--

INSERT INTO `CAD_SYS_SYSTEM` VALUES (NULL,'2016150259','N',3000,'organizacao');

--
-- Table structure for table `CAD_TCON_TIPOS_CONTATOS`
--

CREATE TABLE `CAD_TCON_TIPOS_CONTATOS` (
  `TCON_ID` int(11) NOT NULL AUTO_INCREMENT,
  `TCON_Nome` varchar(50) DEFAULT NULL,
  PRIMARY KEY (`TCON_ID`)
) ENGINE=InnoDB AUTO_INCREMENT=2 DEFAULT CHARSET=latin1 ROW_FORMAT=COMPACT;

--
-- Dumping data for table `CAD_TCON_TIPOS_CONTATOS`
--

INSERT INTO `CAD_TCON_TIPOS_CONTATOS` VALUES (1,'Financeiro');

--
-- Table structure for table `CAD_TEM_TEMAS_SITES`
--

CREATE TABLE `CAD_TEM_TEMAS_SITES` (
  `TEM_ID` int(11) NOT NULL AUTO_INCREMENT,
  `TEM_Nome` varchar(50) DEFAULT NULL,
  `TEM_Status` varchar(20) DEFAULT NULL,
  PRIMARY KEY (`TEM_ID`)
) ENGINE=InnoDB AUTO_INCREMENT=4 DEFAULT CHARSET=latin1 ROW_FORMAT=COMPACT;

--
-- Dumping data for table `CAD_TEM_TEMAS_SITES`
--

INSERT INTO `CAD_TEM_TEMAS_SITES` VALUES (1,'1joao','Ativo'),(2,'2joao','Ativo'),(3,'3joao','Ativo');

--
-- Table structure for table `CAD_USG_USUARIOS_GRUPOS`
--

CREATE TABLE `CAD_USG_USUARIOS_GRUPOS` (
  `USG_ID` int(11) NOT NULL AUTO_INCREMENT,
  `USG_Nome` varchar(50) NOT NULL DEFAULT '' COMMENT 'Nome do grupo',
  `USG_DataHoraCadastro` datetime DEFAULT NULL,
  `USG_DataHoraAlteracao` datetime DEFAULT NULL,
  `USU_Cadastro_ID` int(11) DEFAULT NULL,
  `USU_Alteracao_ID` int(11) DEFAULT NULL,
  `USG_Status` varchar(20) DEFAULT 'A' COMMENT 'A-Ativo,I-Inativo',
  PRIMARY KEY (`USG_ID`)
) ENGINE=InnoDB AUTO_INCREMENT=10 DEFAULT CHARSET=latin1 ROW_FORMAT=COMPACT;

--
-- Dumping data for table `CAD_USG_USUARIOS_GRUPOS`
--

INSERT INTO `CAD_USG_USUARIOS_GRUPOS` VALUES (2,'Administrador','0000-00-00 00:00:00','2015-11-04 11:45:41',NULL,1,'Ativo'),(3,'Financeiro','0000-00-00 00:00:00',NULL,NULL,NULL,'Ativo'),(4,'AME','2016-03-31 10:59:49',NULL,1,NULL,'Ativo'),(5,'Executivo','2016-03-31 11:00:23',NULL,1,NULL,'Ativo'),(6,'sempuplicacao','2017-07-24 10:34:49',NULL,1,NULL,'Ativo'),(7,'ACOM','2017-08-22 22:07:07',NULL,1,NULL,'Ativo'),(8,'TESTE PERMISSÃO','2017-08-30 09:21:42',NULL,1,NULL,'Ativo'),(9,'Secretaria e OJB','2017-11-20 16:27:22',NULL,1,NULL,'Ativo');

--
-- Table structure for table `COM_ARE_AREAS`
--

CREATE TABLE `COM_ARE_AREAS` (
  `ARE_ID` int(11) NOT NULL AUTO_INCREMENT,
  `ARE_Nome` varchar(100) DEFAULT NULL,
  PRIMARY KEY (`ARE_ID`)
) ENGINE=InnoDB AUTO_INCREMENT=16 DEFAULT CHARSET=latin1 ROW_FORMAT=COMPACT;

--
-- Dumping data for table `COM_ARE_AREAS`
--

INSERT INTO `COM_ARE_AREAS` VALUES (5,'Financeiro'),(6,'Diretor Executivo'),(7,'Presidência'),(8,'O Jornal Batista'),(9,'Juntas de Missões'),(10,'Educação Cristã'),(11,'Comunicação'),(12,'Secretaria'),(13,'Igrejas e Congregações'),(14,'Editora Convicção'),(15,'Outros');

--
-- Table structure for table `COM_CAC_CANAIS_COMUNICACAO`
--

CREATE TABLE `COM_CAC_CANAIS_COMUNICACAO` (
  `CAC_ID` int(11) NOT NULL AUTO_INCREMENT,
  `CAC_Nome` varchar(255) CHARACTER SET utf8 NOT NULL,
  PRIMARY KEY (`CAC_ID`)
) ENGINE=InnoDB AUTO_INCREMENT=3 DEFAULT CHARSET=latin1;

--
-- Dumping data for table `COM_CAC_CANAIS_COMUNICACAO`
--

INSERT INTO `COM_CAC_CANAIS_COMUNICACAO` VALUES (1,'CBB'),(2,'CBPE');

--
-- Table structure for table `COM_MSG_MENSAGENS`
--

CREATE TABLE `COM_MSG_MENSAGENS` (
  `MSG_ID` int(11) NOT NULL AUTO_INCREMENT,
  `CLI_ID` int(11) DEFAULT NULL,
  `ARE_ID` int(11) DEFAULT NULL,
  `MSG_Assunto` varchar(300) DEFAULT NULL,
  `MSG_Mensagem` text,
  `MSG_DataHora` datetime DEFAULT NULL,
  `MSG_Pai_ID` text,
  `USU_Sistema_ID` double(11,0) DEFAULT NULL,
  `MSG_Lida` char(1) DEFAULT NULL COMMENT 'S-Sim,N-Não',
  `USU_Sistema_Nome` varchar(50) DEFAULT NULL,
  PRIMARY KEY (`MSG_ID`)
) ENGINE=InnoDB AUTO_INCREMENT=64 DEFAULT CHARSET=latin1 ROW_FORMAT=COMPACT;

--
-- Dumping data for table `COM_MSG_MENSAGENS`
--

INSERT INTO `COM_MSG_MENSAGENS` VALUES (1,4,5,'Construção do Templo','Graça e Paz! Estamos precisando de um Engenheiro Civil que nos ajude na contrução da Primeira Igreja Batista de Exemplo','2015-12-29 15:56:09',NULL,1,'S','André Leitão'),(6,4,5,'Construção do Templo','Teste\n\nMensagem\n\nTeste','2016-01-04 11:58:55','1',1,'N','André Leitão'),(15,20,6,'Reforma do Templo','Ok','2016-01-07 12:45:48','14',1,'N','Master'),(42,9804,6,'adsdsa','ok','2016-02-25 15:15:23','36',1,'N','SUPORTE'),(43,9804,5,'testeaaaaaaaadsadsa','novooooooooooooooo','2016-02-25 15:16:29','37',1,'N','SUPORTE'),(44,9804,6,'Teste','novo teste','2016-02-25 15:59:26','33',1,'N','SUPORTE'),(45,9804,7,'dsadsadas','dsaddsa','2016-02-25 16:16:43','34',1,'N','SUPORTE'),(46,9804,7,'dsadsadas','agora foi','2016-02-25 16:24:39','35',1,'N','Master'),(47,9804,9,'Teste','ok','2016-02-25 16:57:05','32',1,'N','Master'),(48,9804,9,'Convênio da AME','ok','2016-02-25 17:57:51','30',1,'N','Master'),(55,2016150234,9,'O PROGRAMA','como vai ficar agora a gente sem o programa ?<br>até quando podemos usar ?','2016-05-23 12:18:05','',1,'S','ADMINISTRADOR'),(56,2016150245,5,'abertura de movimento','Boa tarde. Estou pela primeira vez lançando um contas a receber, quando peço pra salvar aparece a seguinte mensagem: (não existe abertura de movimentos para o mês da data informada). <br>Onde faço essa abertura de movimento?<br>No aguardo.','2016-06-15 16:20:30','',4,'S','MARCIA FIDELIS'),(57,2016170224,11,'BANNER','Olá, tudo bem? Na guia de Banners não tem a opção de excluir banner. Apenas de baixar a imagem e de alterar configurações. Como faço pra excluir?','2016-06-19 23:55:58','',6,'S','NATANAEL MONTEIRO'),(58,2016150245,8,'Erro','Boa tarde!<br>Tem acontecido esse erro:<br><br>EXCEÇÃO<br>ERRO: Não identificado,<br>Cannot add or update a child row: a foreign key constraint fails (`IC_PE_PIBRECIFE`.`ADM_MEM_MEMBROS`, CONSTRAINT `FK_ADM_PES_MEM` FOREIGN KEY (`PES_ID`) REFERENCES `cad_pes_pessoas` (`PES_ID`) ON DELETE NO ACTION ON UPDATE NO ACTION)<br>Contate o administrador do sistema.<br><br>todas as vezes que tento cadastrar um novo membro. Gostaria de saber do que se trata. Aguardo. Obrigado!','2016-06-22 16:31:04','',8,'N','ANDRÉ LUIZ DE MOURA COSTA'),(59,2016150233,9,'O site','Como ficou o processo do programa e do site do nosso campo missionário, pois ainda estamos aguardando uma resposta. Espero que não continuem o mesmo cliclo vicioso do cara que havia antes.','2016-08-26 21:00:07','',1,'S','ADMINISTRADOR'),(60,2016150237,9,'IC','Como ficará o programa ?','2016-09-06 13:17:31','',1,'S','ADMINISTRADOR'),(61,2016110246,11,'Problemas na Publicação','Ao tentar publicar encontro esse erro. Como solucionar?<br><br>ERRO: Sintaxe SQL. <br>You have an error in your SQL syntax; check the manual that corresponds to your MySQL server version for the right syntax to use near times new roman, times;\">Em um mundo de Mar at line 1<br>Contate o administrador do sistema.','2016-09-21 14:02:02','',3,'S','WANDERLEY ANDRADE'),(62,2147483647,8,'Erro na ficha dos membros','Quando visualizamos a ficha de algum membro lá embaixo após o campo de processo de desligamento, no campo que descreve a data do falecimento do membro,em vez de descrever tal data ele apresenta a data da ultima atualização da ficha do membro.','2017-03-19 20:17:02','',10,'N','RENNAN MAXI DE OLIVEIRA SANTOS'),(63,2016110205,8,'Assembleia 2017','Já tem a programação da assembleia que acontecerá agora dia 18 a 20 ?','2017-05-02 16:42:36','',2,'S','MARIVAL SANTOS');

--
-- Table structure for table `CRM_AAN_ATEDIMENTOS_ANEXOS`
--

CREATE TABLE `CRM_AAN_ATEDIMENTOS_ANEXOS` (
  `AAN_ID` int(11) NOT NULL AUTO_INCREMENT,
  `AAN_Arquivo` text,
  `ATE_ID` int(11) DEFAULT NULL,
  PRIMARY KEY (`AAN_ID`),
  KEY `fk_MCRM_TAAN_1` (`ATE_ID`) USING BTREE,
  CONSTRAINT `fk_MCRM_TAAN_1` FOREIGN KEY (`ATE_ID`) REFERENCES `CRM_ATE_ATENDIMENTOS` (`ATE_ID`)
) ENGINE=InnoDB DEFAULT CHARSET=latin1 ROW_FORMAT=COMPACT;

--
-- Dumping data for table `CRM_AAN_ATEDIMENTOS_ANEXOS`
--


--
-- Table structure for table `CRM_ATE_ATENDIMENTOS`
--

CREATE TABLE `CRM_ATE_ATENDIMENTOS` (
  `ATE_ID` int(11) NOT NULL AUTO_INCREMENT,
  `ATE_Texto` text,
  `ATE_DataHoraCadastro` datetime DEFAULT NULL,
  `CLI_ID` int(11) DEFAULT NULL,
  `ATE_ContatoNome` varchar(100) DEFAULT NULL,
  `ATE_ContatoEmail` varchar(100) DEFAULT NULL,
  `ATE_ContatoTelefone` varchar(20) DEFAULT NULL,
  `ATE_DataHoraInicio` datetime DEFAULT NULL,
  `ATE_DataHoraFim` datetime DEFAULT NULL,
  `ATE_Status` char(1) DEFAULT NULL COMMENT 'A-Aberto, F-Finalizado',
  `CLI_Avulso` varchar(100) DEFAULT NULL,
  `USU_Cadastro_ID` int(11) DEFAULT NULL,
  `ATE_Concluido` char(3) DEFAULT NULL COMMENT 'Sim,Não',
  `ATE_DataRetornoAgenda` date DEFAULT NULL,
  `ATE_Protocolo` varchar(50) DEFAULT NULL,
  `ATE_Tipo` varchar(50) DEFAULT NULL,
  `ATE_NivelSatisfacao` varchar(50) DEFAULT NULL,
  PRIMARY KEY (`ATE_ID`),
  KEY `fk_MCRM_TATE_1` (`CLI_ID`) USING BTREE,
  CONSTRAINT `fk_MCRM_TATE_1` FOREIGN KEY (`CLI_ID`) REFERENCES `CAD_CLI_CLIENTES` (`CLI_ID`)
) ENGINE=InnoDB DEFAULT CHARSET=latin1 ROW_FORMAT=COMPACT;

--
-- Dumping data for table `CRM_ATE_ATENDIMENTOS`
--


--
-- Table structure for table `FIN_BAN_BANCOS`
--

CREATE TABLE `FIN_BAN_BANCOS` (
  `BAN_ID` int(11) NOT NULL AUTO_INCREMENT,
  `BAN_Nome` varchar(50) DEFAULT NULL,
  `BAN_Codigo` varchar(20) DEFAULT NULL,
  PRIMARY KEY (`BAN_ID`)
) ENGINE=InnoDB AUTO_INCREMENT=6 DEFAULT CHARSET=latin1 ROW_FORMAT=COMPACT;

--
-- Dumping data for table `FIN_BAN_BANCOS`
--

INSERT INTO `FIN_BAN_BANCOS` VALUES (4,'Banco do Brasil','001'),(5,'Bradesco','237');

--
-- Table structure for table `FIN_BOLIMG_BOLETOS_IMAGENS`
--

CREATE TABLE `FIN_BOLIMG_BOLETOS_IMAGENS` (
  `BOLIMG_ID` int(11) NOT NULL AUTO_INCREMENT,
  `BOLIMG_Imagem` longtext,
  `BOLIMG_Titulo` varchar(50) DEFAULT NULL,
  PRIMARY KEY (`BOLIMG_ID`)
) ENGINE=InnoDB AUTO_INCREMENT=2 DEFAULT CHARSET=latin1 ROW_FORMAT=COMPACT;

--
-- Dumping data for table `FIN_BOLIMG_BOLETOS_IMAGENS`
--

INSERT INTO `FIN_BOLIMG_BOLETOS_IMAGENS` VALUES (1,'data:image/png;base64,[BLOB]','CBB');

--
